{"id":879,"date":"2020-06-29T16:05:04","date_gmt":"2020-06-29T16:05:04","guid":{"rendered":"http:\/\/phuongphuphat.com\/?post_type=product&#038;p=879"},"modified":"2020-06-29T16:15:34","modified_gmt":"2020-06-29T16:15:34","slug":"day-pp-dai-tay","status":"publish","type":"product","link":"https:\/\/phuongphuphat.com\/?product=day-pp-dai-tay","title":{"rendered":"D\u00e2y PP \u0111ai tay"},"content":{"rendered":"<p><strong>D\u00e2y PP \u0111ai tay<\/strong>\u00a0s\u1eed d\u1ee5ng \u0111\u1ec3 b\u00f3 hay \u0111\u00f3ng \u0111ai nh\u1eefng th\u00f9ng cartong, ki\u1ec7n h\u00e0ng c\u00f3 tr\u1ecdng l\u01b0\u1ee3ng v\u00e0 k\u00edch th\u01b0\u1edbc l\u1edbn. \u0110\u00e2y l\u00e0 lo\u1ea1i d\u00e2y ch\u1ea5t l\u01b0\u1ee3ng c\u00f3 \u0111\u1ed9 d\u1ebbo cao n\u00ean c\u00f3 l\u1ef1c \u0111\u00e0n h\u1ed3i l\u1edbn, b\u00f3 ch\u1eafc ch\u1eafn h\u00e0ng h\u00f3a t\u1ea1o nhi\u1ec1u ti\u1ec7n l\u1ee3i trong qu\u00e1 tr\u00ecnh v\u1eadn chuy\u1ec3n.<\/p>\n<p><img loading=\"lazy\" class=\"alignnone size-medium wp-image-880\" src=\"http:\/\/phuongphuphat.com\/wp-content\/uploads\/2020\/06\/16-227x300.png\" alt=\"\" width=\"227\" height=\"300\" srcset=\"https:\/\/phuongphuphat.com\/wp-content\/uploads\/2020\/06\/16-227x300.png 227w, https:\/\/phuongphuphat.com\/wp-content\/uploads\/2020\/06\/16-510x674.png 510w, https:\/\/phuongphuphat.com\/wp-content\/uploads\/2020\/06\/16.png 554w\" sizes=\"(max-width: 227px) 100vw, 227px\" \/><\/p>\n","protected":false},"excerpt":{"rendered":"<p>D\u00e2y PP \u0111ai tay\u00a0s\u1eed d\u1ee5ng \u0111\u1ec3 b\u00f3 hay \u0111\u00f3ng \u0111ai nh\u1eefng th\u00f9ng cartong, ki\u1ec7n h\u00e0ng c\u00f3 tr\u1ecdng l\u01b0\u1ee3ng v\u00e0 k\u00edch th\u01b0\u1edbc l\u1edbn. \u0110\u00e2y l\u00e0 lo\u1ea1i d\u00e2y ch\u1ea5t l\u01b0\u1ee3ng c\u00f3 \u0111\u1ed9 d\u1ebbo cao n\u00ean c\u00f3 l\u1ef1c \u0111\u00e0n h\u1ed3i l\u1edbn, b\u00f3 ch\u1eafc ch\u1eafn h\u00e0ng h\u00f3a t\u1ea1o nhi\u1ec1u ti\u1ec7n l\u1ee3i trong qu\u00e1 tr\u00ecnh v\u1eadn chuy\u1ec3n.<\/p>\n","protected":false},"featured_media":880,"comment_status":"open","ping_status":"closed","template":"","meta":[],"_links":{"self":[{"href":"https:\/\/phuongphuphat.com\/index.php?rest_route=\/wp\/v2\/product\/879"}],"collection":[{"href":"https:\/\/phuongphuphat.com\/index.php?rest_route=\/wp\/v2\/product"}],"about":[{"href":"https:\/\/phuongphuphat.com\/index.php?rest_route=\/wp\/v2\/types\/product"}],"replies":[{"embeddable":true,"href":"https:\/\/phuongphuphat.com\/index.php?rest_route=%2Fwp%2Fv2%2Fcomments&post=879"}],"wp:featuredmedia":[{"embeddable":true,"href":"https:\/\/phuongphuphat.com\/index.php?rest_route=\/wp\/v2\/media\/880"}],"wp:attachment":[{"href":"https:\/\/phuongphuphat.com\/index.php?rest_route=%2Fwp%2Fv2%2Fmedia&parent=879"}],"curies":[{"name":"wp","href":"https:\/\/api.w.org\/{rel}","templated":true}]}}