{"id":814,"date":"2020-06-27T15:56:14","date_gmt":"2020-06-27T15:56:14","guid":{"rendered":"http:\/\/phuongphuphat.com\/?post_type=product&#038;p=814"},"modified":"2023-04-11T15:52:43","modified_gmt":"2023-04-11T15:52:43","slug":"dung-cu-dong-dai","status":"publish","type":"product","link":"https:\/\/phuongphuphat.com\/?product=dung-cu-dong-dai","title":{"rendered":"D\u1ee4NG C\u1ee4 \u0110\u00d3NG \u0110AI"},"content":{"rendered":"<ul>\n<li><strong>B\u1ed8 D\u1ee4NG C\u1ee4 \u0110\u00d3NG \u0110AI NH\u1ef0A PP, PET<\/strong><\/li>\n<\/ul>\n<p><img loading=\"lazy\" class=\"alignnone size-medium wp-image-819\" src=\"http:\/\/phuongphuphat.com\/wp-content\/uploads\/2020\/06\/prod_d\u00e2y_c\u1ea9u_d\u00f9-t\u0103ng_d\u00f9-ok1559179223png-1-300x182.jpg\" alt=\"\" width=\"300\" height=\"182\" srcset=\"https:\/\/phuongphuphat.com\/wp-content\/uploads\/2020\/06\/prod_d\u00e2y_c\u1ea9u_d\u00f9-t\u0103ng_d\u00f9-ok1559179223png-1-300x182.jpg 300w, https:\/\/phuongphuphat.com\/wp-content\/uploads\/2020\/06\/prod_d\u00e2y_c\u1ea9u_d\u00f9-t\u0103ng_d\u00f9-ok1559179223png-1-510x310.jpg 510w, https:\/\/phuongphuphat.com\/wp-content\/uploads\/2020\/06\/prod_d\u00e2y_c\u1ea9u_d\u00f9-t\u0103ng_d\u00f9-ok1559179223png-1.jpg 741w\" sizes=\"(max-width: 300px) 100vw, 300px\" \/><\/p>\n<p>K\u00edch c\u1ee1 d\u00e2y PP , PET<\/p>\n<p>+ R\u1ed9ng: 12mm-16mm, 16mm-19mm<\/p>\n<p>+ D\u00e0y : 0.6mm &#8211; 1.1mm<\/p>\n<p>Ph\u01b0\u01a1ng th\u1ee9c \u0111ai ni\u1ec1ng: th\u1ee7 c\u00f4ng, c\u0103ng, b\u1ea5m, c\u1eaft \u0111ai<\/p>\n<ul>\n<li><strong>B\u1ed8 D\u1ee4NG C\u1ee4 \u0110\u00d3NG \u0110AI TH\u00c9P<\/strong><\/li>\n<\/ul>\n<p>S\u1eed d\u1ee5ng \u0111\u1ec3 \u0111\u00f3ng \u0111ai theo chi\u1ec1u ngang ho\u1eb7c chi\u1ec1u d\u1ecdc, tr\u00ean cao ho\u1eb7c tr\u00ean c\u00e1c pallet c\u00f3 chi\u1ec1u cao kh\u00f4ng \u0111\u1ed3ng \u0111\u1ec1u. S\u1eed d\u1ee5ng v\u1edbi d\u1ee5ng c\u1ee5 bu\u1ed9c th\u00e9p.<\/p>\n<p>\u0110\u01b0\u1ee3c thi\u1ebft k\u1ebf \u0111\u1ec3 th\u1eaft ch\u1eb7t d\u00e2y th\u00e9p 32mm quanh h\u1ed9p, palet, th\u00f9ng, vv\u2026<\/p>\n<p>\u0110\u01b0\u1ee3c s\u1eed d\u1ee5ng v\u1edbi k\u1eb9p kim lo\u1ea1i 32mm.<\/p>\n<p>\u1ee8ng d\u1ee5ng cho \u0111ai ki\u1ec7n h\u00e0ng h\u00f3a n\u1eb7ng.<\/p>\n<p>K\u00edch c\u1ee1 d\u00e2y \u0111ai th\u00e9p:<\/p>\n<p>R\u1ed9ng:16-19mm, 25-32mm<\/p>\n<p>D\u1ea7y: 0.5-0.6mm, 0.6-1.0 mm<\/p>\n<p><img loading=\"lazy\" class=\"alignnone size-medium wp-image-817\" src=\"http:\/\/phuongphuphat.com\/wp-content\/uploads\/2020\/06\/0608ab6da8b455ea0ca5-300x300.jpg\" alt=\"\" width=\"300\" height=\"300\" srcset=\"https:\/\/phuongphuphat.com\/wp-content\/uploads\/2020\/06\/0608ab6da8b455ea0ca5-300x300.jpg 300w, https:\/\/phuongphuphat.com\/wp-content\/uploads\/2020\/06\/0608ab6da8b455ea0ca5-150x150.jpg 150w, https:\/\/phuongphuphat.com\/wp-content\/uploads\/2020\/06\/0608ab6da8b455ea0ca5-768x768.jpg 768w, https:\/\/phuongphuphat.com\/wp-content\/uploads\/2020\/06\/0608ab6da8b455ea0ca5-510x510.jpg 510w, https:\/\/phuongphuphat.com\/wp-content\/uploads\/2020\/06\/0608ab6da8b455ea0ca5-100x100.jpg 100w, https:\/\/phuongphuphat.com\/wp-content\/uploads\/2020\/06\/0608ab6da8b455ea0ca5.jpg 800w\" sizes=\"(max-width: 300px) 100vw, 300px\" \/><\/p>\n<p>&nbsp;<\/p>\n","protected":false},"excerpt":{"rendered":"<p><b>D\u1ee5ng c\u1ee5 \u0111\u00f3ng \u0111ai<\/b>\u00a0th\u00e9p,\u00a0<b>\u0111ai nh\u1ef1a l\u00e0 d\u1ee5ng c\u1ee5<\/b>\u00a0d\u00f9ng \u0111\u1ec3\u00a0<b>\u0111\u00f3ng<\/b>\u00a0kh\u00f3a m\u1ed1i d\u00e2y\u00a0<b>\u0111ai<\/b>\u00a0c\u00e1c ki\u1ec7n h\u00e0ng b\u1eb1ng tay s\u1eed\u00a0<b>d\u1ee5ng<\/b>\u00a0c\u00e1c b\u1ecd th\u00e9p \u0111\u1ec3 gi\u1eef c\u1ed1 \u0111\u1ecbnh d\u00e2y\u00a0<b>\u0111ai<\/b>. Tu\u1ef3 v\u00e0o nhu c\u1ea7u s\u1eed\u00a0<b>d\u1ee5ng<\/b>, \u0111\u01a1n v\u1ecb cung c\u1ea5p\u00a0<b>d\u1ee5ng c\u1ee5 \u0111\u00f3ng \u0111ai<\/b>\u00a0ki\u1ec7n s\u1ebd t\u01b0 v\u1ea5n cho b\u1ea1n m\u1ed9t c\u00e1ch chi ti\u1ebft,\u00a0<b>c\u1ee5<\/b>\u00a0th\u1ec3 h\u01a1n \u0111\u1ec3 b\u1ea1n c\u00f3 th\u1ec3 l\u1ef1a ch\u1ecdn ph\u00f9 h\u1ee3p nh\u1ea5t.<\/p>\n","protected":false},"featured_media":817,"comment_status":"open","ping_status":"closed","template":"","meta":[],"_links":{"self":[{"href":"https:\/\/phuongphuphat.com\/index.php?rest_route=\/wp\/v2\/product\/814"}],"collection":[{"href":"https:\/\/phuongphuphat.com\/index.php?rest_route=\/wp\/v2\/product"}],"about":[{"href":"https:\/\/phuongphuphat.com\/index.php?rest_route=\/wp\/v2\/types\/product"}],"replies":[{"embeddable":true,"href":"https:\/\/phuongphuphat.com\/index.php?rest_route=%2Fwp%2Fv2%2Fcomments&post=814"}],"wp:featuredmedia":[{"embeddable":true,"href":"https:\/\/phuongphuphat.com\/index.php?rest_route=\/wp\/v2\/media\/817"}],"wp:attachment":[{"href":"https:\/\/phuongphuphat.com\/index.php?rest_route=%2Fwp%2Fv2%2Fmedia&parent=814"}],"curies":[{"name":"wp","href":"https:\/\/api.w.org\/{rel}","templated":true}]}}