{"id":809,"date":"2020-06-27T15:54:19","date_gmt":"2020-06-27T15:54:19","guid":{"rendered":"http:\/\/phuongphuphat.com\/?post_type=product&#038;p=809"},"modified":"2023-04-11T15:52:43","modified_gmt":"2023-04-11T15:52:43","slug":"day-tang-do-vai","status":"publish","type":"product","link":"https:\/\/phuongphuphat.com\/?product=day-tang-do-vai","title":{"rendered":"D\u00e2y t\u0103ng \u0111\u01a1 v\u1ea3i"},"content":{"rendered":"<p>\u0110\u01b0\u1ee3c l\u00e0m t\u1eeb V\u1ea3i polyester c\u00f3 m\u00e0u s\u00e1ng \u0111\u1ec3 d\u1ec5 nh\u00ecn h\u01a1n<\/p>\n<p>V\u1edbi s\u1ee9c m\u1ea1nh ph\u00e1 v\u1ee1 10.000lb v\u00e0 c\u00f4ng su\u1ea5t l\u00e0m vi\u1ec7c 3.333lb, d\u00e2y \u0111eo ratchet n\u00e0y c\u00f3 th\u1ec3 bu\u1ed9c c\u00e1c v\u1eadt n\u1eb7ng<\/p>\n<p>C\u00f3 th\u1ec3 \u0111i\u1ec1u ch\u1ec9nh \u0111\u1ec3 c\u00f3 k\u00edch c\u1ee1 kh\u00e1c nhau<\/p>\n<p>Ch\u00fang c\u00f3 m\u00f3c ch\u1eef J r\u1ea5t ph\u00f9 h\u1ee3p \u0111\u1ec3 g\u1eafn v\u00e0o v\u00f2ng ch\u1eef D, d\u00e2y \u0111eo tr\u1ee5c v\u00e0 r\u01a1 mo\u00f3c<\/p>\n<p>Ch\u00fang c\u00f3 m\u00e0ng ch\u1ed1ng ch\u1ecbu th\u1eddi ti\u1ebft \u0111\u1ec3 ch\u1ecbu \u0111\u01b0\u1ee3c th\u1eddi ti\u1ebft \u1ea9m \u01b0\u1edbt v\u00e0 n\u1eafng n\u00f3ng gay g\u1eaft.<\/p>\n<p>S\u1eed d\u1ee5ng \u0111a m\u1ee5c \u0111\u00edch v\u00e0 d\u1ec5 s\u1eed d\u1ee5ng.<\/p>\n<p><img loading=\"lazy\" class=\"alignnone size-medium wp-image-812\" src=\"http:\/\/phuongphuphat.com\/wp-content\/uploads\/2020\/06\/TANG-DO-VAI-CHANG-HANG-300x300.jpg\" alt=\"\" width=\"300\" height=\"300\" srcset=\"https:\/\/phuongphuphat.com\/wp-content\/uploads\/2020\/06\/TANG-DO-VAI-CHANG-HANG-300x300.jpg 300w, https:\/\/phuongphuphat.com\/wp-content\/uploads\/2020\/06\/TANG-DO-VAI-CHANG-HANG-150x150.jpg 150w, https:\/\/phuongphuphat.com\/wp-content\/uploads\/2020\/06\/TANG-DO-VAI-CHANG-HANG-100x100.jpg 100w, https:\/\/phuongphuphat.com\/wp-content\/uploads\/2020\/06\/TANG-DO-VAI-CHANG-HANG.jpg 500w\" sizes=\"(max-width: 300px) 100vw, 300px\" \/><\/p>\n","protected":false},"excerpt":{"rendered":"<p>D\u00e2y t\u0103ng \u0111\u01a1 l\u00e0 d\u00e2y bu\u1ed9c h\u00e0ng h\u00f3a \u0111\u01b0\u1ee3c s\u1eed d\u1ee5ng \u0111\u1ec3 gi\u1eef an to\u00e0n cho t\u1ea3i. D\u00e2y t\u0103ng \u0111\u01a1 hi\u1ec7n nay \u0111\u01b0\u1ee3c s\u1eed d\u1ee5ng r\u1ed9ng r\u00e3i trong ng\u00e0nh v\u1eadn t\u1ea3i, d\u00e2y \u0111\u01b0\u1ee3c thi\u1ebft k\u1ebf c\u00f3 tr\u1ecdng l\u01b0\u1ee3ng nh\u1eb9, d\u1ec5 c\u1ea7m d\u1ec5 s\u1eed d\u1ee5ng, th\u1eddi gian t\u1ea3i \u00edt h\u01a1n, ti\u1ebft ki\u1ec7m \u0111\u01b0\u1ee3c chi ph\u00ed.<\/p>\n","protected":false},"featured_media":811,"comment_status":"open","ping_status":"closed","template":"","meta":[],"_links":{"self":[{"href":"https:\/\/phuongphuphat.com\/index.php?rest_route=\/wp\/v2\/product\/809"}],"collection":[{"href":"https:\/\/phuongphuphat.com\/index.php?rest_route=\/wp\/v2\/product"}],"about":[{"href":"https:\/\/phuongphuphat.com\/index.php?rest_route=\/wp\/v2\/types\/product"}],"replies":[{"embeddable":true,"href":"https:\/\/phuongphuphat.com\/index.php?rest_route=%2Fwp%2Fv2%2Fcomments&post=809"}],"wp:featuredmedia":[{"embeddable":true,"href":"https:\/\/phuongphuphat.com\/index.php?rest_route=\/wp\/v2\/media\/811"}],"wp:attachment":[{"href":"https:\/\/phuongphuphat.com\/index.php?rest_route=%2Fwp%2Fv2%2Fmedia&parent=809"}],"curies":[{"name":"wp","href":"https:\/\/api.w.org\/{rel}","templated":true}]}}