{"id":770,"date":"2020-06-27T15:34:19","date_gmt":"2020-06-27T15:34:19","guid":{"rendered":"http:\/\/phuongphuphat.com\/?post_type=product&#038;p=770"},"modified":"2023-04-11T15:52:44","modified_gmt":"2023-04-11T15:52:44","slug":"oc-cap-thep","status":"publish","type":"product","link":"https:\/\/phuongphuphat.com\/?product=oc-cap-thep","title":{"rendered":"\u1ed0c c\u00e1p th\u00e9p"},"content":{"rendered":"<p>M\u1ed9t chi\u1ebfc \u1ed1c si\u1ebft c\u00e1p ho\u00e0n ch\u1ec9nh bao g\u1ed3m 3 b\u1ed9 ph\u1eadn ch\u00ednh l\u00e0 ph\u1ea7n th\u00e2n ch\u1eef U, \u0111\u1ea7u kh\u00f3a v\u00e0 2 con \u0111ai \u1ed1c.<\/p>\n<p><img loading=\"lazy\" class=\"alignnone size-medium wp-image-775\" src=\"http:\/\/phuongphuphat.com\/wp-content\/uploads\/2020\/06\/14-300x266.png\" alt=\"\" width=\"300\" height=\"266\" srcset=\"https:\/\/phuongphuphat.com\/wp-content\/uploads\/2020\/06\/14-300x266.png 300w, https:\/\/phuongphuphat.com\/wp-content\/uploads\/2020\/06\/14-768x681.png 768w, https:\/\/phuongphuphat.com\/wp-content\/uploads\/2020\/06\/14-510x452.png 510w, https:\/\/phuongphuphat.com\/wp-content\/uploads\/2020\/06\/14.png 1006w\" sizes=\"(max-width: 300px) 100vw, 300px\" \/><\/p>\n<p>Ngo\u00e0i nh\u1eefng \u0111\u1eb7c \u0111i\u1ec3m n\u1ed5i b\u1eadt v\u1ed1n c\u00f3 c\u1ee7a \u1ed1c si\u1ebft c\u00e1p nh\u01b0 l\u00e0 kh\u1ea3 n\u0103ng ch\u1ed1ng \u0103n m\u00f2n, ch\u1ed1ng g\u1ec9 s\u00e9t khi ti\u1ebfp x\u00fac v\u1edbi m\u00f4i tr\u01b0\u1eddng. th\u00ec kh\u00f3a c\u00e1p c\u00f2n \u0111\u01b0\u1ee3c s\u1eed d\u1ee5ng r\u1ed9ng r\u00e3i v\u00ec gi\u00e1 th\u00e0nh h\u1ee3p l\u00fd.<\/p>\n<p>H\u1ea7u h\u1ebft t\u1ea5t c\u1ea3 c\u00e1c lo\u1ea1i \u1ed1c si\u1ebft c\u00e1p \u0111\u01b0\u1ee3c b\u00e1n tr\u00ean th\u1ecb tr\u01b0\u1eddng \u0111\u1ec1u \u0111\u01b0\u1ee3c l\u00e0m t\u1eeb nguy\u00ean li\u1ec7u th\u00e9p c\u00e1c bon, b\u1ec1 m\u1eb7t \u0111\u01b0\u1ee3c m\u1ea1 k\u1ebdm \u0111\u1ec3 t\u0103ng th\u00eam t\u00ednh ch\u1ecbu l\u1ef1c. Ho\u1eb7c l\u00e0m t\u1eeb th\u00e9p kh\u00f4ng g\u1ec9 nh\u1eb1m \u1ee9ng d\u1ee5ng khi c\u1ea7n \u0111em l\u1ea1i t\u00ednh th\u1ea9m m\u1ef9 cao cho c\u00f4ng tr\u00ecnh.<\/p>\n<p>&nbsp;<\/p>\n<p>\u0110\u1ed9 b\u1ec1n c\u1ee7a s\u1ea3n ph\u1ea9m \u0111\u01b0\u1ee3c ki\u1ec3m \u0111\u1ecbnh ch\u1eb7t ch\u1ebd t\u1eeb ph\u00eda nh\u00e0 s\u1ea3n xu\u1ea5t \u0111i k\u00e8m v\u1edbi nh\u1eefng th\u00f4ng s\u1ed1 k\u1ef9 thu\u1eadt, k\u00edch c\u1ee1 \u0111\u1ea1t ti\u00eau chu\u1ea9n n\u00ean ng\u01b0\u1eddi s\u1eed d\u1ee5ng ho\u00e0n to\u00e0n y\u00ean t\u00e2m, tho\u1ea3i m\u00e1i ch\u1ecdn l\u1ef1a s\u1ea3n ph\u1ea9m ph\u00f9 h\u1ee3p.<\/p>\n<p>&nbsp;<\/p>\n","protected":false},"excerpt":{"rendered":"<p>\u1ed0c si\u1ebft c\u00e1p hay c\u00f2n \u0111\u01b0\u1ee3c g\u1ecdi l\u00e0 kh\u00f3a c\u00e1p th\u00e9p, hay c\u00f3c k\u1eb9p c\u00e1p. Ch\u00fang l\u00e0 m\u1ed9t s\u1ea3n ph\u1ea9m ph\u1ee5 ki\u1ec7n \u0111i k\u00e8m v\u1edbi d\u00e2y c\u00e1p th\u00e9p. \u0110\u01b0\u1ee3c s\u1eed d\u1ee5ng \u0111\u1ec3 k\u1eb9p v\u00e0nh \u0111ai c\u1ee7a c\u00e1p. gi\u00e1p m\u1ed1i khi kh\u00f4ng th\u1ec3 b\u1ec7n c\u00e1p, n\u1ed1i c\u00e1p v\u00e0o v\u1edbi nhau \u0111\u01b0\u1ee3c, hay khi c\u1ea7n nh\u1eefng \u0111i\u1ec3m k\u1ebft n\u1ed1i t\u1ea1m th\u1eddi d\u00e0nh cho c\u00e1c lo\u1ea1i d\u00e2y c\u00e1p th\u00e9p.<\/p>\n","protected":false},"featured_media":773,"comment_status":"open","ping_status":"closed","template":"","meta":[],"_links":{"self":[{"href":"https:\/\/phuongphuphat.com\/index.php?rest_route=\/wp\/v2\/product\/770"}],"collection":[{"href":"https:\/\/phuongphuphat.com\/index.php?rest_route=\/wp\/v2\/product"}],"about":[{"href":"https:\/\/phuongphuphat.com\/index.php?rest_route=\/wp\/v2\/types\/product"}],"replies":[{"embeddable":true,"href":"https:\/\/phuongphuphat.com\/index.php?rest_route=%2Fwp%2Fv2%2Fcomments&post=770"}],"wp:featuredmedia":[{"embeddable":true,"href":"https:\/\/phuongphuphat.com\/index.php?rest_route=\/wp\/v2\/media\/773"}],"wp:attachment":[{"href":"https:\/\/phuongphuphat.com\/index.php?rest_route=%2Fwp%2Fv2%2Fmedia&parent=770"}],"curies":[{"name":"wp","href":"https:\/\/api.w.org\/{rel}","templated":true}]}}