{"id":754,"date":"2020-06-27T15:22:16","date_gmt":"2020-06-27T15:22:16","guid":{"rendered":"http:\/\/phuongphuphat.com\/?post_type=product&#038;p=754"},"modified":"2020-07-06T05:32:25","modified_gmt":"2020-07-06T05:32:25","slug":"khoa-dai-composite-2","status":"publish","type":"product","link":"https:\/\/phuongphuphat.com\/?product=khoa-dai-composite-2","title":{"rendered":"Kh\u00f3a \u0111ai Composite"},"content":{"rendered":"<ul class=\"list\">\n<li>D\u1ec5 d\u00e0ng si\u1ebft ch\u1eb7t m\u1ed1i n\u1ed1i c\u1ee7a d\u00e2y \u0111ai.<\/li>\n<li>C\u00f3 \u0111\u1ed9 c\u1ee9ng c\u1ea7n thi\u1ebft \u0111\u1ec3 gi\u1eef d\u00e2y \u0111ai t\u1ea1i ch\u1ed7 v\u00e0 an to\u00e0n<\/li>\n<li>Ch\u1ed1ng tr\u01b0\u1ee3t, ng\u0103n ng\u1eeba n\u1edbi l\u1ecfng v\u00e0 gi\u1eef \u0111\u01b0\u1ee3c \u0111\u1ed9 c\u0103ng trong qu\u00e1 tr\u00ecnh v\u1eadn chuy\u1ec3n<\/li>\n<li>D\u1ec5 d\u00e0ng s\u1eed d\u1ee5ng, c\u00f3 th\u1ec3 si\u1ebft th\u1ee7 c\u00f4ng b\u1eb1ng tay m\u00e0 kh\u00f4ng c\u1ea7n \u0111\u1ea7u t\u01b0 m\u00e1y m\u00f3c \u0111\u1eaft ti\u1ec1n.<\/li>\n<\/ul>\n<p><img loading=\"lazy\" class=\"alignnone size-medium wp-image-756\" src=\"http:\/\/phuongphuphat.com\/wp-content\/uploads\/2020\/06\/khoa-dai-composite-300x233.jpg\" alt=\"\" width=\"300\" height=\"233\" srcset=\"https:\/\/phuongphuphat.com\/wp-content\/uploads\/2020\/06\/khoa-dai-composite-300x233.jpg 300w, https:\/\/phuongphuphat.com\/wp-content\/uploads\/2020\/06\/khoa-dai-composite-510x395.jpg 510w, https:\/\/phuongphuphat.com\/wp-content\/uploads\/2020\/06\/khoa-dai-composite.jpg 668w\" sizes=\"(max-width: 300px) 100vw, 300px\" \/><\/p>\n<p>&nbsp;<\/p>\n<p><strong>C\u00c1C THAO T\u00c1C SI\u1ebeT \u0110AI COMPOSITE<\/strong><\/p>\n<p><img src=\"https:\/\/hlvina.com\/wp-content\/uploads\/2018\/03\/huong-dan-day-dai-composite.jpg\" alt=\"Buckle 32mm b\u1ecd th\u00e9p kh\u00f3a \u0111ai - D\u00e2y \u0111ai HLVINA\" \/><\/p>\n<p>&nbsp;<\/p>\n<p>&nbsp;<\/p>\n","protected":false},"excerpt":{"rendered":"<p>Kh\u00f3a \u0111ai composite gi\u00fap c\u1ed1 \u0111\u1ecbnh d\u00e2y \u0111ai v\u00e0 ki\u1ec7n h\u00e0ng, t\u1ea1o ra s\u1ef1 ch\u1eafc ch\u1eafn v\u00e0 an to\u00e0n cho h\u00e0ng h\u00f3a trong qu\u00e1 tr\u00ecnh di chuy\u1ec3n h\u00e0ng h\u00f3a.<\/p>\n<p>Kh\u00f3a \u0111ai composite c\u00f3 nhi\u1ec1u quy c\u00e1ch\u00a0 13mm, 16mm, 19mm, 25mm, 32mm<\/p>\n","protected":false},"featured_media":755,"comment_status":"open","ping_status":"closed","template":"","meta":[],"_links":{"self":[{"href":"https:\/\/phuongphuphat.com\/index.php?rest_route=\/wp\/v2\/product\/754"}],"collection":[{"href":"https:\/\/phuongphuphat.com\/index.php?rest_route=\/wp\/v2\/product"}],"about":[{"href":"https:\/\/phuongphuphat.com\/index.php?rest_route=\/wp\/v2\/types\/product"}],"replies":[{"embeddable":true,"href":"https:\/\/phuongphuphat.com\/index.php?rest_route=%2Fwp%2Fv2%2Fcomments&post=754"}],"wp:featuredmedia":[{"embeddable":true,"href":"https:\/\/phuongphuphat.com\/index.php?rest_route=\/wp\/v2\/media\/755"}],"wp:attachment":[{"href":"https:\/\/phuongphuphat.com\/index.php?rest_route=%2Fwp%2Fv2%2Fmedia&parent=754"}],"curies":[{"name":"wp","href":"https:\/\/api.w.org\/{rel}","templated":true}]}}